t is the millions digit of 124277892?
4
What is the hundred thousands digit of 792569858?
5
What is the hundreds digit of 1573763502?
5
What is the ten thousands digit of 138731776?
3
What is the millions digit of 220047272?
0
What is the hundred millions digit of 187071515?
1
What is the hundred millions digit of 563496969?
5
What is the ten millions digit of 53850015?
5
What is the tens digit of 2167550825?
2
What is the units digit of 18763531?
1
What is the units digit of 156554140?
0
What is the hundred thousands digit of 346167131?
1
What is the thousands digit of 142240609?
0
What is the hundred thousands digit of 632866612?
8
What is the hundred thousands digit of 4886417326?
4
What is the hundred millions digit of 361138800?
3
What is the ten millions digit of 813533121?
1
What is the units digit of 119806087?
7
What is the tens digit of 918418410?
1
What is the thousands digit of 184571841?
1
What is the millions digit of 1735102246?
5
What is the millions digit of 51133239?
1
What is the hundred millions digit of 1136429051?
1
What is the ten millions digit of 29218630?
2
What is the ten millions digit of 459320446?
5
What is the hundred thousands digit of 118627154?
6
What is the hundred thousands digit of 1445917741?
9
What is the hundred millions digit of 2701048765?
7
What is the thousands digit of 4105809905?
9
What is the ten millions digit of 35607479?
3
What is the hundreds digit of 48056495?
4
What is the tens digit of 100683207?
0
What is the hundred millions digit of 1848594670?
8
What is the hundred thousands digit of 73718838?
7
What is the ten thousands digit of 455012631?
1
What is the hundreds digit of 190486474?
4
What is the ten millions digit of 440218510?
4
What is the ten millions digit of 4351559166?
5
What is the hundred millions digit of 4722343683?
7
What is the ten millions digit of 3231952344?
3
What is the hundreds digit of 2154330057?
0
What is the ten thousands digit of 911405059?
0
What is the tens digit of 6979035008?
0
What is the hundred millions digit of 1125216081?
1
What is the ten millions digit of 54497411?
5
What is the tens digit of 301501958?
5
What is the ten millions digit of 1277270391?
7
What is the millions digit of 36015230?
6
What is the thousands digit of 135109358?
9
What is the hundred millions digit of 152944773?
1
What is the ten thousands digit of 63611121?
1
What is the tens digit of 276944271?
7
What is the ten millions digit of 16239626?
1
What is the thousands digit of 55880724?
0
What is the units digit of 202160109?
9
What is the hundreds digit of 65039243?
2
What is the units digit of 1591126049?
9
What is the millions digit of 5481142130?
1
What is the units digit of 4010349475?
5
What is the tens digit of 70065424?
2
What is the units digit of 176708123?
3
What is the hundred thousands digit of 836202754?
2
What is the ten millions digit of 26101790?
2
What is the millions digit of 2391869785?
1
What is the units digit of 19529731?
1
What is the hundred thousands digit of 57397949?
3
What is the hundreds digit of 57193572?
5
What is the billions digit of 4949206822?
4
What is the millions digit of 3276156953?
6
What is the hundreds digit of 544267092?
0
What is the thousands digit of 205818738?
8
What is the millions digit of 69667675?
9
What is the thousands digit of 518059793?
9
What is the units digit of 313742745?
5
What is the millions digit of 473073579?
3
What is the units digit of 154035379?
9
What is the tens digit of 186396857?
5
What is the ten millions digit of 685785784?
8
What is the tens digit of 626142702?
0
What is the hundred millions digit of 560715703?
5
What is the ten millions digit of 1668806769?
6
What is the billions digit of 2924887043?
2
What is the ten millions digit of 35198323?
3
What is the tens digit of 213766581?
8
What is the hundred thousands digit of 7153722389?
7
What is the thousands digit of 9830182?
0
What is the units digit of 3071280?
0
What is the tens digit of 257801464?
6
What is the millions digit of 179303521?
9
What is the hundreds digit of 1296179356?
3
What is the ten thousands digit of 79024852?
2
What is the tens digit of 2534732222?
2
What is the tens digit of 407887226?
2
What is the thousands digit of 57464899?
4
What is the thousands digit of 18759760?
9
What is the hundred thousands digit of 54475267?
4
What is the hundred millions digit of 126761815?
1
What is the thousands digit of 931903371?
3
What is the millions digit of 2046244087?
6
What is the millions digit of 8459589?
8
What is the hundreds digit of 1008890469?
4
What is the hundred thousands digit of 112349425?
3
What is the thousands digit of 4165473849?
3
What is the ten thousands digit of 994014994?
1
What is the units digit of 5104798?
8
What is the thousands digit of 446561166?
1
What is the thousands digit of 598840828?
0
What is the units digit of 114368427?
7
What is the ten millions digit of 1970553132?
7
What is the millions digit of 36230401?
6
What is the units digit of 159314031?
1
What is the hundred thousands digit of 312830055?
8
What is the tens digit of 8816063?
6
What is the ten thousands digit of 481978614?
7
What is the ten millions digit of 1266861164?
6
What is the thousands digit of 2026121882?
1
What is the ten thousands digit of 1616222995?
2
What is the ten thousands digit of 64826014?
2
What is the hundreds digit of 729816471?
4
What is the ten thousands digit of 26224218?
2
What is the tens digit of 2333777077?
7
What is the millions digit of 29257892?
9
What is the hundreds digit of 888427331?
3
What is the units digit of 6111917968?
8
What is the hundreds digit of 768876591?
5
What is the hundred millions digit of 103697289?
1
What is the tens digit of 11051349?
4
What is the hundreds digit of 34386120?
1
What is the tens digit of 50355610?
1
What is the hundreds digit of 169449224?
2
What is the tens digit of 23974454?
5
What is the hundreds digit of 518852275?
2
What is the ten millions digit of 310612286?
1
What is the ten thousands digit of 8001187?
0
What is the hundreds digit of 75747975?
9
What is the ten thousands digit of 283258695?
5
What is the ten thousands digit of 162125638?
2
What is the hundred thousands digit of 62143594?
1
What is the units digit of 204226913?
3
What is the thousands digit of 25335564?
5
What is the hundred thousands digit of 99868663?
8
What is the units digit of 34103435?
5
What is the units digit of 52094354?
4
What is the ten thousands digit of 210605340?
0
What is the hundred thousands digit of 512522748?
5
What is the ten thousands digit of 26759169?
5
What is the units digit of 400407846?
6
What is the hundreds digit of 485603355?
3
What is the millions digit of 97159535?
7
What is the hundreds digit of 100280943?
9
What is the millions digit of 878455867?
8
What is the hundred thousands digit of 86446156?
4
What is the ten thousands digit of 17720918?
2
What is the millions digit of 43878435?
3
What is the tens digit of 463502563?
6
What is the hundreds digit of 98804215?
2
What is the hundreds digit of 544546061?
0
What is the tens digit of 581533618?
1
What is the hundred thousands digit of 248220660?
2
What is the ten thousands digit of 286325143?
2
What is the ten millions digit of 434168788?
3
What is the tens digit of 112710189?
8
What is the units digit of 1171964940?
0
What is the ten millions digit of 282083345?
8
What is the tens digit of 2320651763?
6
What is the ten thousands digit of 1261169717?
6
What is the ten thousands digit of 137259640?
5
What is the units digit of 149666738?
8
What is the units digit of 48751715?
5
What is the tens digit of 80591072?
7
What is the millions digit of 41722831?
1
What is the hundreds digit of 1580285285?
2
What is the thousands digit of 158175937?
5
What is the tens digit of 139142419?
1
What is the millions digit of 57362333?
7
What is the hundreds digit of 26086283?
2
What is the hundred thousands digit of 64470969?
4
What is the units digit of 46320561?
1
What is the units digit of 42782134?
4
What is the hundred thousands digit of 132313540?
3
What is the hundred thousands digit of 593400339?
4
What is the tens digit of 8120705?
0
What is the tens digit of 548232459?
5
What is the hundreds digit of 17238555?
5
What is the